231 is divided by 26.
23
Calculate the remainder when 263 is divided by 38.
35
What is the remainder when 373 is divided by 212?
161
Calculate the remainder when 39 is divided by 22.
17
What is the remainder when 703 is divided by 12?
7
What is the remainder when 506 is divided by 37?
25
What is the remainder when 172 is divided by 90?
82
What is the remainder when 38 is divided by 14?
10
Calculate the remainder when 113 is divided by 38.
37
Calculate the remainder when 1633 is divided by 274.
263
Calculate the remainder when 739 is divided by 16.
3
Calculate the remainder when 643 is divided by 43.
41
Calculate the remainder when 1857 is divided by 92.
17
What is the remainder when 75 is divided by 35?
5
What is the remainder when 676 is divided by 38?
30
Calculate the remainder when 56 is divided by 4.
0
What is the remainder when 18 is divided by 10?
8
Calculate the remainder when 671 is divided by 135.
131
What is the remainder when 887 is divided by 13?
3
What is the remainder when 106 is divided by 62?
44
What is the remainder when 116 is divided by 106?
10
What is the remainder when 1428 is divided by 283?
13
Calculate the remainder when 679 is divided by 62.
59
Calculate the remainder when 628 is divided by 10.
8
What is the remainder when 662 is divided by 172?
146
What is the remainder when 844 is divided by 356?
132
Calculate the remainder when 37 is divided by 4.
1
What is the remainder when 382 is divided by 24?
22
Calculate the remainder when 289 is divided by 142.
5
What is the remainder when 122 is divided by 25?
22
What is the remainder when 365 is divided by 61?
60
What is the remainder when 279 is divided by 3?
0
What is the remainder when 2956 is divided by 211?
2
Calculate the remainder when 4319 is divided by 55.
29
Calculate the remainder when 1925 is divided by 131.
91
What is the remainder when 194 is divided by 43?
22
Calculate the remainder when 26 is divided by 11.
4
Calculate the remainder when 46 is divided by 27.
19
What is the remainder when 54 is divided by 6?
0
What is the remainder when 60 is divided by 7?
4
What is the remainder when 195 is divided by 50?
45
What is the remainder when 10448 is divided by 19?
17
Calculate the remainder when 922 is divided by 42.
40
Calculate the remainder when 720 is divided by 121.
115
Calculate the remainder when 434 is divided by 15.
14
What is the remainder when 397 is divided by 76?
17
Calculate the remainder when 1101 is divided by 38.
37
What is the remainder when 36653 is divided by 79?
76
Calculate the remainder when 28 is divided by 8.
4
Calculate the remainder when 487 is divided by 70.
67
Calculate the remainder when 30062 is divided by 33.
32
What is the remainder when 1672 is divided by 25?
22
Calculate the remainder when 1056 is divided by 24.
0
Calculate the remainder when 326 is divided by 55.
51
What is the remainder when 498 is divided by 17?
5
What is the remainder when 14722 is divided by 95?
92
What is the remainder when 374 is divided by 63?
59
Calculate the remainder when 177 is divided by 30.
27
What is the remainder when 332 is divided by 28?
24
What is the remainder when 237 is divided by 26?
3
Calculate the remainder when 63 is divided by 15.
3
Calculate the remainder when 2856 is divided by 161.
119
What is the remainder when 265 is divided by 68?
61
Calculate the remainder when 1049 is divided by 10.
9
Calculate the remainder when 1985 is divided by 180.
5
What is the remainder when 7 is divided by 5?
2
What is the remainder when 1805 is divided by 902?
1
Calculate the remainder when 358 is divided by 30.
28
What is the remainder when 2018 is divided by 348?
278
What is the remainder when 24 is divided by 16?
8
What is the remainder when 292 is divided by 55?
17
What is the remainder when 620 is divided by 189?
53
Calculate the remainder when 153 is divided by 82.
71
Calculate the remainder when 217 is divided by 112.
105
What is the remainder when 7214 is divided by 7207?
7
Calculate the remainder when 35 is divided by 33.
2
What is the remainder when 222 is divided by 38?
32
Calculate the remainder when 4555 is divided by 569.
3
Calculate the remainder when 1278 is divided by 637.
4
Calculate the remainder when 320 is divided by 7.
5
What is the remainder when 489 is divided by 82?
79
Calculate the remainder when 240 is divided by 25.
15
What is the remainder when 832 is divided by 47?
33
What is the remainder when 552 is divided by 92?
0
What is the remainder when 102 is divided by 45?
12
What is the remainder when 1541 is divided by 306?
11
What is the remainder when 877 is divided by 98?
93
Calculate the remainder when 210 is divided by 73.
64
Calculate the remainder when 905 is divided by 133.
107
What is the remainder when 13439 is divided by 64?
63
Calculate the remainder when 1368 is divided by 117.
81
What is the remainder when 30 is divided by 20?
10
What is the remainder when 2037 is divided by 17?
14
Calculate the remainder when 102 is divided by 35.
32
Calculate the remainder when 12847 is divided by 292.
291
Calculate the remainder when 66 is divided by 14.
10
Calculate the remainder when 347 is divided by 335.
12
Calculate the remainder when 3236 is divided by 215.
11
What is the remainder when 524 is divided by 113?
72
What is the remainder when 23658 is divided by 14?
12
Calculate the remainder when 4361 is divided by 161.
14
Calculate the remainder when 696 is divided by 352.
344
What is the remainder when 743 is divided by 31?
30
What is the remainder when 417 is divided by 115?
72
What is the remainder when 536 is divided by 197?
142
Calculate the remainder when 87 is divided by 12.
3
Calculate the remainder when 359 is divided by 92.
83
Calculate the remainder when 178 is divided by 47.
37
What is the remainder when 791 is divided by 13?
11
What is the remainder when 48 is divided by 19?
10
Calculate the remainder when 3685 is divided by 35.
10
Calculate the remainder when 7999 is divided by 8.
7
Calculate the remainder when 174 is divided by 25.
24
Calculate the remainder when 1126 is divided by 94.
92
Calculate the remainder when 60 is divided by 10.
0
Calculate the remainder when 131 is divided by 15.
11
Calculate the remainder when 39520 is divided by 241.
237
Calculate the remainder when 36 is divided by 18.
0
Calculate the remainder when 100 is divided by 33.
1
Calculate the remainder when 437 is divided by 63.
59
What is the remainder when 5364 is divided by 889?
30
Calculate the remainder when 322 is divided by 3.
1
What is the remainder when 93 is divided by 4?
1
Calculate the remainder when 10555 is divided by 16.
11
Calculate the remainder when 207 is divided by 20.
7
Calculate the remainder when 285 is divided by 22.
21
What is the remainder when 322 is divided by 183?
139
What is the remainder when 148 is divided by 46?
10
Calculate the remainder when 633 is divided by 209.
6
What is the remainder when 1423 is divided by 72?
55
What is the remainder when 107 is divided by 36?
35
What is the remainder when 133 is divided by 52?
29
Calculate the remainder when 53 is divided by 10.
3
What is the remainder when 98 is divided by 35?
28
Calculate the remainder when 231 is divided by 132.
99
Calculate the remainder when 87 is divided by 28.
3
Calculate the remainder when 572 is divided by 34.
28
Calculate the remainder when 975 is divided by 300.
75
What is the remainder when 312 is divided by 15?
12
Calculate the remainder when 947 is divided by 17.
12
Calculate the remainder when 148 is divided by 148.
0
What is the remainder when 539 is divided by 12?
11
Calculate the remainder when 5073 is divided by 220.
13
What is the remainder when 82 is divided by 23?
13
What is the remainder when 120 is divided by 57?
6
Calculate the remainder when 458 is divided by 17.
16
What is the remainder when 359 is divided by 8?
7
Calculate the remainder when 1152 is divided by 504.
144
Calculate the remainder when 54 is divided by 28.
26
Calculate the remainder when 181 is divided by 13.
12
What is the remainder when 6973 is divided by 633?
10
What is the remainder when 338 is divided by 20?
18
Calculate the remainder when 1271 is divided by 252.
11
Calculate the remainder when 2638 is divided by 30.
28
Calculate the remainder wh